What is v(3)?
-1
Let c(i) = -3*i - 8. Give c(6).
-26
Let i(a) = -a**2 - 7*a + 19. What is i(-8)?
11
Let v(w) = 54*w + 106. Determine v(-2).
-2
Let q(b) = b**3 - 28*b**2 - 29*b. Determine q(29).
0
Let b(x) = 4*x + 14. Calculate b(-4).
-2
Let z(j) = j**3 + 5*j**2 + 3*j - 2. Calculate z(-4).
2
Let n(w) = 3*w**3 + 2*w**2 - 3*w - 5. Calculate n(-2).
-15
Let z(w) = 2*w**3 + 3. Give z(3).
57
Let f(a) = 4*a - 92. Calculate f(18).
-20
Let r(t) = 13*t + 3. What is r(1)?
16
Let o(w) = -w**2 - 3*w + 5. Give o(-5).
-5
Let i(l) = -l**3 - 6*l**2 + 9*l + 8. Determine i(-7).
-6
Let b(z) = -22*z**2 - 30*z. What is b(-3)?
-108
Let l(o) = -o**3 + 2*o**2 + 2*o + 3. Calculate l(3).
0
Let u(l) = 3*l**2 - 14*l + 33. Determine u(4).
25
Let d(o) = 6*o + 90. Give d(-15).
0
Let o(y) = 3*y + 1. Give o(-1).
-2
Let o(b) = -2*b**3 - 17*b**2 + 10*b + 3. What is o(-9)?
-6
Let i(b) = -b**3 - 17*b**2 + 26*b + 113. What is i(-18)?
-31
Let g(f) = 2*f + 14. Determine g(-12).
-10
Let v(s) = -8*s + 39. What is v(4)?
7
Let p(w) = w**3 + 21*w**2 - 20*w + 92. What is p(-22)?
48
Let i(l) = -2*l**3 - 12*l**2 - 4*l + 10. What is i(-7)?
136
Let d(w) = 30*w - 354. Calculate d(12).
6
Let i(d) = -d**3 + 9*d**2 - 13*d + 12. What is i(6)?
42
Let g(j) = 4*j + 9. What is g(5)?
29
Let t(p) = p**3 - 10*p**2 + 35*p - 93. Give t(7).
5
Let r(z) = -20*z - 14. What is r(-1)?
6
Let b(r) = -r**3 - 2*r**2 - r + 3. Determine b(3).
-45
Let c(s) = -39*s**2 + 6*s - 5. Give c(1).
-38
Let a(b) = -6*b + 25. Give a(-10).
85
Let m(x) = -x**3 + 11*x**2 + 2*x - 9. What is m(11)?
13
Let x(n) = -n**3 + 2*n**2 + 4*n - 1. What is x(3)?
2
Let s(o) = -o**3 - 16*o**2 + o + 22. Determine s(-16).
6
Let s(h) = -h**2 - 10*h + 54. Calculate s(-14).
-2
Let y(p) = -p**2 + 6*p + 102. Determine y(-8).
-10
Let z(c) = c**2 + 22*c - 143. What is z(-27)?
-8
Let s(c) = c + 11. What is s(-20)?
-9
Let k(n) = n**3 + 5*n**2 - 12*n + 7. What is k(-7)?
-7
Let z(k) = -k**3 - 7*k**2 - 4*k - 9. Determine z(-6).
-21
Let y(g) = g - 19. What is y(17)?
-2
Let f(r) = r**3 - 20*r**2 + 22*r - 44. Give f(19).
13
Let u(n) = 4*n + 3. Give u(14).
59
Let m(q) = q**2 + 17*q - 41. Calculate m(-19).
-3
Let u(h) = -11*h + 381. Calculate u(35).
-4
Let p(f) = 4*f + 39. What is p(-10)?
-1
Let r(i) = 2*i**2 + 7*i - 10. What is r(4)?
50
Let l(k) = -2*k**2 - 23*k + 15. Determine l(-7).
78
Let q(v) = -17*v. Give q(-1).
17
Let v(w) = -2*w**2 - w + 10. Determine v(0).
10
Let v(r) = -r**3 - 6*r**2 + 16*r - 5. Determine v(-8).
-5
Let h(v) = -v**2 - 9*v + 10. Determine h(-10).
0
Let j(y) = -8*y + 204. Give j(30).
-36
Let s(x) = x**2 + 5*x + 8. Give s(-7).
22
Let l(r) = -r**3 - 4*r**2 + 4*r - 1. Calculate l(-4).
-17
Let q(n) = n**2 + 23*n + 83. Calculate q(-18).
-7
Let z(f) = -16*f**2 - 2*f - 1. What is z(-1)?
-15
Let h(r) = 2*r**2 + 7*r + 7. Give h(-1).
2
Let q(z) = z**3 - 5*z**2 - z - 1. Give q(5).
-6
Let u(h) = h**3 - 37*h**2 - 80*h + 78. Give u(39).
0
Let u(b) = b**3 - 6*b**2 - b + 14. Give u(4).
-22
Let s(j) = j**3 + 4*j**2 + 3*j - 1. What is s(-4)?
-13
Let x(u) = u**3 - 4*u**2 - 15*u + 57. What is x(4)?
-3
Let i(v) = -v**3 + 14*v**2 + v - 18. Give i(14).
-4
Let m(g) = g**3 + 10*g**2 + 15*g - 9. What is m(-8)?
-1
Let g(a) = -2*a + 15. Determine g(-16).
47
Let a(m) = -55*m - 16. What is a(-3)?
149
Let z(q) = -14*q - 148. Calculate z(-11).
6
Let p(s) = 13*s - 34. Calculate p(4).
18
Let d(z) = -29*z + 316. Determine d(11).
-3
Let y(v) = 15*v + 198. Calculate y(-14).
-12
Let l(g) = -g**3 - 26*g**2 - 72*g - 75. What is l(-23)?
-6
Let w(h) = 3*h**2 - 21*h + 26. What is w(5)?
-4
Let t(b) = b - 19. Give t(-16).
-35
Let x(s) = s**3 - 18*s**2 + 15*s + 52. What is x(17)?
18
Let c(x) = x**2 + 26*x + 168. Give c(-12).
0
Let x(j) = j**3 + 3*j**2 - 17*j + 2. Give x(-6).
-4
Let q(i) = i**2 + 9*i - 5. Calculate q(-11).
17
Let g(w) = -10*w - 50. Calculate g(-4).
-10
Let k(v) = -v**3 - v. Calculate k(2).
-10
Let y(l) = l**3 - 6*l**2 - 8*l + 9. Calculate y(7).
2
Let x(a) = 2*a - 6. Determine x(11).
16
Let c(d) = -5*d**3 - d**2 + 2*d - 2. What is c(1)?
-6
Let n(u) = -6*u - 7. Give n(-5).
23
Let t(a) = 2*a**2 - 16*a + 13. What is t(7)?
-1
Let s(a) = 8*a - 90. Determine s(11).
-2
Let t(s) = -s**3 + 11*s**2 + 11*s + 9. What is t(12)?
-3
Let n(w) = -w**2 - 13*w - 6. Calculate n(-11).
16
Let w(a) = -a**2 - 14*a + 19. What is w(-15)?
4
Let s(c) = 2*c**2 - 9*c - 24. Determine s(6).
-6
Let u(x) = 6*x + 2. Calculate u(-2).
-10
Let g(h) = h**2 - 17*h + 47. Calculate g(14).
5
Let f(z) = z**3 + 15*z**2 - 22*z - 106. Calculate f(-16).
-10
Let t(x) = x**3 - 23*x**2 - 27*x. Give t(24).
-72
Let t(c) = 6*c + 61. What is t(0)?
61
Let z(c) = 7*c - 95. Give z(10).
-25
Let z(x) = 3*x**2 - 27*x - 25. Give z(10).
5
Let u(x) = -x**2 - 6*x - 4. What is u(-6)?
-4
Let s(f) = 2*f**3 - 10*f**2 + 11*f + 5. What is s(4)?
17
Let y(n) = -11*n - 51. Determine y(-6).
15
Let f(z) = -z**2 - 13*z - 21. What is f(-10)?
9
Let c(x) = x - 7. Calculate c(6).
-1
Let o(i) = i**2 + 3*i + 2. Give o(-2).
0
Let v(o) = -o**3 + 17*o**2 + 4*o - 31. What is v(17)?
37
Let n(r) = -r**3 + 4*r**2. What is n(4)?
0
Let z(d) = d**3 + 6*d**2 - 6*d - 17. Give z(-8).
-97
Let u(s) = -6*s**2 - 39*s - 11. Determine u(-6).
7
Let v(y) = y**2 - 44*y - 732. Determine v(57).
9
Let f(p) = -p**2 - 24*p - 21. Give f(-23).
2
Let x(g) = 20*g + 3. Determine x(-2).
-37
Let p(j) = -j**3 + 9*j + 5. What is p(-4)?
33
Let c(h) = -h**2 - 20*h - 98. Give c(-9).
1
Let y(a) = -8*a - 20. Calculate y(-3).
4
Let b(c) = c**3 - 17*c**2 - 13*c + 217. Give b(17).
-4
Let z(q) = q**3 - 5*q**2 + 4*q + 1. Give z(4).
1
Let v(h) = h**3 - 8*h**2 - 10*h + 3. Calculate v(9).
-6
Let v(c) = -c**3 + 3*c**2 - 2*c + 47. Calculate v(5).
-13
Let b(p) = -p**3 + 7*p**2 - p + 6. Determine b(7).
-1
Let h(j) = j**3 - j - 12. Determine h(0).
-12
Let x(r) = 2*r**3 + 14*r**2 + 5*r - 12. Determine x(-6).
30
Let x(z) = z**2 - 9*z + 12. Calculate x(7).
-2
Let n(d) = 2*d - 1. What is n(-6)?
-13
Let y(j) = j**3 + 7*j**2 + 15*j + 13. Give y(-5).
-12
Let l(w) = w**2 + 4*w + 3. What is l(-3)?
0
Let w(n) = -37*n**3 + n**2 + n + 1. Give w(-1).
38
Let o(z) = z**2 + 5*z - 5. Determine o(2).
9
Let d(w) = -w**2 - 41*w + 197. Calculate d(-45).
17
Let j(h) = h**3 - 18*h**2 + 16*h + 15. What is j(17)?
-2
Let k(w) = 12*w**2 + 27*w - 1. Calculate k(-2).
-7
Let l(u) = -u**2 + 9*u + 3. Calculate l(9).
3
Let r(j) = -j**3 + j**2 + 3*j - 3. Determine r(-3).
24
Let v(z) = z**2 - 8*z + 1. Give v(10).
21
Let c(i) = -301*i + 1511. Determine c(5).
6
Let f(k) = -4*k + 66. Calculate f(19).
-10
Let p(k) = 2*k**2 - 32*k - 128. What is p(19)?
-14
Let z(h) = -5*h + 16. Determine z(0).
16
Let x(z) = z**2 - 25*z - 447. What is x(-12)?
-3
Let s(y) = 3*y**2 - 24*y - 11. Give s(8).
-11
Let q(l) = -34*l - 41. Determine q(-1).
-7
Let s(v) = v**3 - 6*v**2 - 16*v + 9. Calculate s(8).
9
Let f(d) = -59*d + 270. Give f(5).
-25
Let f(x) = 21*x + 249. Determine f(-12).
-3
Let b(g) = g**3 - 4*g**2 - 5*g - 2. What is b(5)?
-2
Let q(o) = -34*o**2 - 6*o - 2. What is q(-2)?
-126
Let a(c) = -27*c - 2. Give a(1).
-29
Let v(j) = -6*j**2 - 3*j. Give v(-1).
-3
Let u(b) = -16*b + 9. Calculate u(9).
-135
Let s(o) = -9*o + 5. What is s(4)?
-31
Let r(b) = -40*b - 11. Give r(2).
-91
Let w(r) = 12*r**3 + 2*r**2 - r - 2. Give w(1).
11
Let q(j) = j + 14. Calculate q(-14).
0
Let f(s) = -s**2 + 10*s - 17. Determine f(5).
8
Let q(s) = s**3 + s**2 - 26. Calculate q(0).
-26
Let l(v) = -v**3 + 8*v**2 - 5*v + 25. Give l(7).
39
Let j(k) = 4*k**2 - 2. What is j(-3)?
34
Let k(h) = 8*h - 55. Give k(6).
-7
Let n(v) = -v**2 + 6*v + 9. What is n(9)?
-18
Let u(p) = -p**3 + 12*p**2 - 3*p + 22. Give u(12).
-14
Let g(i) = -2*i**2 - 18*i + 66. Determine g(-12).
-6
Let w(x) = x**2 + 11*x - 24. Give w(-13).
2
Let i(b) = b**3 + 4*b**2 - 10. What is i(-2)?
-2
Let k(l) = 22*l + 1. What is k(-1)?
-21
Let x(v) = v - 14. What is x(15)?
1
Let y(t) = t**3 + 5*t**2 + 3*t + 8. Calculate y(-5).
-7
Let k(f) = -2*f - 1. Calculate k(-1).
1
Let x(p) = 5*p + 7. Give x(-5).
-18
Let b(m) = m**3 - 29*m**2 - 29*m - 44. Give b(30).
-14
Let z(b) = b**2 - 9*b + 33. Calculate z(8).
25
Let j(s) = -8*s**3 + s**2 + 8*s + 7. Determine j(-1).
8
Let h(m) = 2*m**2 + 7*m - 22. Calculate h(-7).
27
Let k(p) = -6*p**2 + 3*p - 2. Determine k(1).
-5
Let i(g) = g**3 + 7*g**2 + 3. Determine i(-7).
3
Let l(w) = -w**2 + 4*w + 5